{"id":15,"date":"2017-06-13T12:19:52","date_gmt":"2017-06-13T12:19:52","guid":{"rendered":"http:\/\/terboven.com\/?page_id=15"},"modified":"2026-03-12T10:59:19","modified_gmt":"2026-03-12T08:59:19","slug":"talks-and-misc","status":"publish","type":"page","link":"https:\/\/terboven.com\/?page_id=15","title":{"rendered":"Talks and Misc"},"content":{"rendered":"\n<p><strong>2026<\/strong><\/p>\n\n\n\n<p>G. Toehgiono, F. Tomski, C. Terboven: First Experiences with CN5000 in CLAIX. 12.03.2026. ZKI Arbeitskreis Supercomputing (Fr\u00fchjahrstagung 2026). [<a href=\"https:\/\/events.gwdg.de\/event\/1389\/overview\" target=\"_blank\" rel=\"noreferrer noopener\">event homepage (de)<\/a>]<\/p>\n\n\n\n<p><strong>2025<\/strong><\/p>\n\n\n\n<p>M. Bovermann, P. Holz, M. Jungwirth, J. Leschke, M. S. M\u00fcller, M. Persike, P. Salden, C. Terboven, T. Trappen, S. Wesner: KI- Grundversorgung f\u00fcr Hochschulen als Verbundaufgabe (Diskussionsbeitrag aus NRW). 24.11.2025. Online. [<a href=\"https:\/\/www.dh.nrw\/fileadmin\/user_upload\/dh-nrw\/pdf_word_Dokumente\/2025-11-24_DHNRW_KI-Grundversorgung_fuer_Hochschulen_als_Verbundaufgabe.pdf\" target=\"_blank\" rel=\"noreferrer noopener\">document (de)<\/a>]<\/p>\n\n\n\n<p><strong>2024<\/strong><\/p>\n\n\n\n<p>C. Terboven, M. Klemm: NERSC OpenMP Training Series 2024. NERSC Training. Online. [<a href=\"https:\/\/www.nersc.gov\/users\/training\/events\/2024\/openmp-training-series-may-oct-2024\/\" target=\"_blank\" rel=\"noreferrer noopener\">event homepage (en)<\/a>]<br>06.05.2024: Introduction to OpenMP. [<a href=\"https:\/\/www.youtube.com\/watch?v=5Xg79ibf78s\" target=\"_blank\" rel=\"noreferrer noopener\">video (en)<\/a>]<br>10.06.2024: Tasking in OpenMP. [<a href=\"https:\/\/www.youtube.com\/watch?v=k51ohJhmrp8\" data-type=\"link\" data-id=\"https:\/\/www.youtube.com\/watch?v=k51ohJhmrp8\" target=\"_blank\" rel=\"noreferrer noopener\">video (en)<\/a>]<br>08.07.2024: Optimization for NUMA and SIMD. [<a href=\"https:\/\/www.youtube.com\/watch?v=E42g-_hD8GI\" data-type=\"link\" data-id=\"https:\/\/www.youtube.com\/watch?v=E42g-_hD8GI\" target=\"_blank\" rel=\"noreferrer noopener\">video (en)<\/a>]<br>04.09.2024: Introduction to Offloading with OpenMP.<br>07.10.2024: Advanced OpenMP Offloading Topics.<br>28.10.2024: Selected Topics and Wrap-Up.<\/p>\n\n\n\n<p><strong>2023<\/strong><\/p>\n\n\n\n<p>C. Terboven: Parallel Programming for <em>More than HPC<\/em>. HPC Seminar at Universite de Reims Champagne Ardenne. 15.09. 2023 in Reims, France. [<a href=\"https:\/\/terboven.com\/wp-content\/uploads\/2023\/09\/Terboven-Parallel-Programming-for-More-than-HPC.pdf\" target=\"_blank\" rel=\"noreferrer noopener\">slides (en)<\/a>]<\/p>\n\n\n\n<p>C. Terboven: ENSIMA: Energieoptimiertes High-Performance Computing f\u00fcr Finite-Elemente Simulationen in der Produktentwicklung. <a href=\"https:\/\/www.elektronikforschung.de\/konferenz\">Digitale Fachtagung \u201eGreen ICT 2023 \u2013 Nachhaltige Informations- und Kommunikationstechnologien\u201c<\/a> des BMBF. 07.03.2023. Online. [<a rel=\"noreferrer noopener\" href=\"http:\/\/Digitale Fachtagung \u201eGreen ICT 2023 \u2013 Nachhaltige Informations- und Kommunikationstechnologien\u201c\" target=\"_blank\">slides (en)<\/a>] [<a rel=\"noreferrer noopener\" href=\"https:\/\/www.elektronikforschung.de\/konferenz\" target=\"_blank\">event homepage (en)<\/a>]<\/p>\n\n\n\n<p>C. Terboven: Programming Systems for Heterogeneous Memory Architectures. <span style=\"text-decoration: underline;\">Invited Talk<\/span>: aristote Workshop on HPC challenges for new extreme scale applications. 07.03.2023 in Paris, France. [<a rel=\"noreferrer noopener\" href=\"https:\/\/terboven.com\/wp-content\/uploads\/2023\/03\/Terboven-Heterogeneous-Memory.pdf\" target=\"_blank\">slides (en)<\/a>] [<a rel=\"noreferrer noopener\" href=\"https:\/\/www.association-aristote.fr\/evenements\/hpc-challenges-for-new-extreme-scale-applications\/\" target=\"_blank\">event homepage (en)<\/a>]<\/p>\n\n\n\n<p><strong>2022<\/strong><\/p>\n\n\n\n<p>C. Terboven, J. Klinkenberg: OpenMP Affinity Subcommittee Report. OpenMP BoF at The International Conference for High Performance Computing, Networking, Storage, and Analysis (SC22). 16.11.2022 in Dallax, TX, USA. [<a rel=\"noreferrer noopener\" href=\"https:\/\/terboven.com\/wp-content\/uploads\/2022\/11\/2022-SC-Affinity-Subcommittee-Report.pdf\" data-type=\"URL\" data-id=\"https:\/\/terboven.com\/wp-content\/uploads\/2022\/11\/2022-SC-Affinity-Subcommittee-Report.pdf\" target=\"_blank\">slides (en)<\/a>]<\/p>\n\n\n\n<p>C. Terboven: Exploiting Heterogeneous Shared Memory Architectures. <span style=\"text-decoration: underline;\">Invited Talk<\/span>: PPAM 2022. Online. 13.09.2022. [<a rel=\"noreferrer noopener\" href=\"https:\/\/terboven.com\/wp-content\/uploads\/2023\/02\/Terboven-Heterogeneous-Memory.pdf\" target=\"_blank\">slides (en)<\/a>] [<a rel=\"noreferrer noopener\" href=\"https:\/\/ppam.edu.pl\/program#contents\" target=\"_blank\">event homepage (en)<\/a>]<\/p>\n\n\n\n<p>I served on the IEEE Cluster 2022 Technical Committee in the role of a <a href=\"https:\/\/clustercomp.org\/2022\/committees\/\">Workshop Co-Chair<\/a>. The conference took place in Heidelberg, Germany, and hosted four <a href=\"https:\/\/clustercomp.org\/2022\/workshops_tutorials\/\">well-attended workshops<\/a>.<\/p>\n\n\n\n<p>C. Terboven, J. Klinkenberg: OpenMP Affinity Subcommittee Report. OpenMP BoF at The ISC High Performance 2022. 31.05.2022 in Frankfurt, Germany. [<a rel=\"noreferrer noopener\" href=\"http:\/\/C. Terboven, J. Klinkenberg: OpenMP Affinity Subcommittee Report. OpenMP BoF at The International Conference for High Performance Computing, Networking, Storage, and Analysis (SC22). 16.11.2022. [slides (en)]\" target=\"_blank\">slides (en)<\/a>]<\/p>\n\n\n\n<p>C. Terboven: Offloading in OpenMP. NHR PerfLab Seminar. Online. [<a rel=\"noreferrer noopener\" href=\"https:\/\/terboven.com\/wp-content\/uploads\/2023\/02\/Terboven-OpenMP-Offloading-Overview.pdf\" target=\"_blank\">slides (en)<\/a>] [<a href=\"https:\/\/hpc.fau.de\/2022\/03\/21\/nhr-perflab-seminar-openmp-offloading\/\" target=\"_blank\" rel=\"noreferrer noopener\">event homepage (en)<\/a>]<\/p>\n\n\n\n<p><strong>2021<\/strong><\/p>\n\n\n\n<p>C. Terboven, J. Hahnfeld: An Environment for Interactive Parallel Programming with MPI and OpenMP. Talk: FOSDEM&#8217;21. Online. 07.02.2021. [<a rel=\"noreferrer noopener\" href=\"https:\/\/terboven.com\/wp-content\/uploads\/2021\/02\/presentation-terboven-hahnfeld-combined.pdf\" target=\"_blank\">slides (en)<\/a>] [<a href=\"https:\/\/video.fosdem.org\/2021\/D.hpc\/interactive_openmp_mpi.webm\" data-type=\"URL\" data-id=\"https:\/\/video.fosdem.org\/2021\/D.hpc\/interactive_openmp_mpi.webm\" target=\"_blank\" rel=\"noreferrer noopener\">video (en)<\/a>] [<a rel=\"noreferrer noopener\" href=\"https:\/\/fosdem.org\/2021\/schedule\/event\/interactive_openmp_mpi\/\" target=\"_blank\">event homepage (en)<\/a>]<\/p>\n\n\n\n<p>C. Terboven, M. Klemm: EUROfusion OpenMP on GPUs webinars. EUROfusion webinar series. Online. [<a rel=\"noreferrer noopener\" href=\"https:\/\/indico.euro-fusion.org\/event\/688\/\" target=\"_blank\">event homepage (en)<\/a>] [<a rel=\"noreferrer noopener\" href=\"https:\/\/github.com\/cterboven\/OpenMP-tutorial-EUROfusion\" target=\"_blank\">material on github (en)<\/a>]<br>27.01.2021: Introduction to OpenMP, part 1. [<a rel=\"noreferrer noopener\" href=\"https:\/\/github.com\/cterboven\/OpenMP-tutorial-EUROfusion\/blob\/main\/OpenMP_Webinar_1_2021-01-27.pdf\" target=\"_blank\">slides (en)<\/a>]<br>16.02.2021: Introduction to OpenMP, part 2. [<a rel=\"noreferrer noopener\" href=\"https:\/\/github.com\/cterboven\/OpenMP-tutorial-EUROfusion\/blob\/main\/OpenMP_Webinar_2_2021-02-16.pdf\" target=\"_blank\">slides (en)<\/a>]<br>16.03.2021: Introduction to OpenMP, part 3. [<a href=\"https:\/\/github.com\/cterboven\/OpenMP-tutorial-EUROfusion\/blob\/main\/OpenMP_Webinar_3_2021-03-16.pdf\" data-type=\"URL\" data-id=\"https:\/\/github.com\/cterboven\/OpenMP-tutorial-EUROfusion\/blob\/main\/OpenMP_Webinar_3_2021-03-16.pdf\">slides (en)<\/a>]<br>21.04.2021: GPU Programming with OpenMP, part 1. [<a rel=\"noreferrer noopener\" href=\"https:\/\/github.com\/cterboven\/OpenMP-tutorial-EUROfusion\/blob\/main\/OpenMP_Webinar_4_2021-04-21.pdf\" data-type=\"URL\" data-id=\"https:\/\/github.com\/cterboven\/OpenMP-tutorial-EUROfusion\/blob\/main\/OpenMP_Webinar_4_2021-04-21.pdf\" target=\"_blank\">slides (en)<\/a>]<br>25.05.2021: GPU Programming with OpenMP, par 2. [<a href=\"https:\/\/hpc.fau.de\/2021\/06\/08\/nhr-perflab-seminar-tasking-in-openmp-5-0\/\" target=\"_blank\" rel=\"noreferrer noopener\">slides (en)<\/a>]<\/p>\n\n\n\n<p>C. Terboven: Tasking in OpenMP 5.0. NHR PerfLab Seminar. Online. [<a rel=\"noreferrer noopener\" href=\"https:\/\/hpc.fau.de\/2021\/06\/08\/nhr-perflab-seminar-tasking-in-openmp-5-0\/\" target=\"_blank\">event homepage (en)<\/a>]<\/p>\n\n\n\n<p><strong>2020<\/strong><\/p>\n\n\n\n<p>C. Terboven: OpenMP 5.0 and Beyond: Taking Good Care of the Node in Exascale? <span style=\"text-decoration: underline;\">Invited Talk<\/span>: HUAWEI HPC Workshop 2020. Online. 29.10.2020. [<a rel=\"noreferrer noopener\" href=\"https:\/\/terboven.com\/wp-content\/uploads\/2020\/11\/2020-10-29-HUAWEI-OpenMP.pdf\" target=\"_blank\">slides (en)<\/a>]<\/p>\n\n\n\n<p>C. Terboven, J. Miller: Neuigkeiten in parallelen Programmiermodellen: was ist noch vermittelbar? HPC-Statuskonferenz der Gau\u00df-Allianz. Online. 01.10.2020. [<a rel=\"noreferrer noopener\" href=\"https:\/\/terboven.com\/wp-content\/uploads\/2020\/10\/2020-10-01-Gauss-HPC-Statustagung.pdf\" data-type=\"URL\" data-id=\"https:\/\/terboven.com\/wp-content\/uploads\/2020\/10\/2020-10-01-Gauss-HPC-Statustagung.pdf\" target=\"_blank\">slides (de)<\/a>] [<a href=\"https:\/\/gauss-allianz.de\/de\/hpc-status-konferenz-2020#agenda\">e<\/a><a rel=\"noreferrer noopener\" href=\"https:\/\/gauss-allianz.de\/de\/hpc-status-konferenz-2020#agenda\" target=\"_blank\">vent ho<\/a><a href=\"https:\/\/gauss-allianz.de\/de\/hpc-status-konferenz-2020#agenda\">mepage (de)<\/a>]<\/p>\n\n\n\n<p>C. Terboven, J. Miller, L. Oden: Interaktive und kollaborative parallele Programmierung in der Lehre. Virtuelles Treffen der Fachgruppe Betriebssysteme der Gesellschaft f\u00fcr Informatik. Online. 25.09.2020. [<a href=\"https:\/\/terboven.com\/wp-content\/uploads\/2020\/10\/Interaktive-und-kollaborative-parallele-Programmierung-in-der-Lehre.pdf\">slides (de)<\/a>] [<a rel=\"noreferrer noopener\" href=\"https:\/\/www.betriebssysteme.org\/aktivitaeten\/treffen\/2020-aachen\/\" target=\"_blank\">event homepage (de)<\/a>]<\/p>\n","protected":false},"excerpt":{"rendered":"<p>2026 G. Toehgiono, F. Tomski, C. Terboven: First Experiences with CN5000 in CLAIX. 12.03.2026. ZKI Arbeitskreis Supercomputing (Fr\u00fchjahrstagung 2026). [event homepage (de)] 2025 M. Bovermann, P. Holz, M. Jungwirth, J. Leschke, M. S. M\u00fcller, M. Persike, P. Salden, C. Terboven, T. Trappen, S. Wesner: KI- Grundversorgung f\u00fcr Hochschulen als Verbundaufgabe (Diskussionsbeitrag aus NRW). 24.11.2025. Online. &hellip; <\/p>\n<p class=\"link-more\"><a href=\"https:\/\/terboven.com\/?page_id=15\" class=\"more-link\">Continue reading<span class=\"screen-reader-text\"> &#8220;Talks and Misc&#8221;<\/span><\/a><\/p>\n","protected":false},"author":1,"featured_media":0,"parent":0,"menu_order":0,"comment_status":"closed","ping_status":"closed","template":"","meta":{"footnotes":""},"class_list":["post-15","page","type-page","status-publish","hentry"],"jetpack_sharing_enabled":true,"_links":{"self":[{"href":"https:\/\/terboven.com\/index.php?rest_route=\/wp\/v2\/pages\/15","targetHints":{"allow":["GET"]}}],"collection":[{"href":"https:\/\/terboven.com\/index.php?rest_route=\/wp\/v2\/pages"}],"about":[{"href":"https:\/\/terboven.com\/index.php?rest_route=\/wp\/v2\/types\/page"}],"author":[{"embeddable":true,"href":"https:\/\/terboven.com\/index.php?rest_route=\/wp\/v2\/users\/1"}],"replies":[{"embeddable":true,"href":"https:\/\/terboven.com\/index.php?rest_route=%2Fwp%2Fv2%2Fcomments&post=15"}],"version-history":[{"count":32,"href":"https:\/\/terboven.com\/index.php?rest_route=\/wp\/v2\/pages\/15\/revisions"}],"predecessor-version":[{"id":236,"href":"https:\/\/terboven.com\/index.php?rest_route=\/wp\/v2\/pages\/15\/revisions\/236"}],"wp:attachment":[{"href":"https:\/\/terboven.com\/index.php?rest_route=%2Fwp%2Fv2%2Fmedia&parent=15"}],"curies":[{"name":"wp","href":"https:\/\/api.w.org\/{rel}","templated":true}]}}